1)/(-2)*-20. Let d(x) = 69*x**3 - 2*x**2 - 4*x + 5. Let u be d(1). Let f be u/3 - q/30. What is the greatest common factor of f and 55?
11
Let w(k) = k**3 + 8*k**2 + 5*k + 6. Suppose -3*h + 3*d - 23 = 5*d, 5*h = d - 34. Let l be w(h). What is the greatest common factor of 5 and l?
5
Let p be 12 + (-1)/(4/8). Suppose -7*w + p + 137 = 0. What is the greatest common factor of 168 and w?
21
Let d(l) = -l**2 + 29*l - 108. Let h be d(8). Calculate the greatest common factor of 105 and h.
15
Suppose -10*b - 11*b = -420. What is the highest common divisor of b and 140?
20
Let r = 9 + -4. Let v = r + 8. Suppose -5*t = g - 106, -98 + 1 = -g - 2*t. What is the greatest common divisor of g and v?
13
Let p be 40/(-2 - 2 - -3) - 0. Let w be (-390)/(-8) - 10/p. What is the greatest common divisor of w and 7?
7
Suppose -137 - 2163 = -50*m. What is the greatest common divisor of m and 1058?
46
Let j = -18 + 42. Suppose -1 = -2*v - x - 0, 22 = 4*v - 2*x. What is the greatest common factor of v and j?
3
Let g be (-7)/(-4) + 2/8. Suppose -3 = -5*k - 2*a + 62, 4*k - 3*a - 75 = 0. Let c = 31 - k. What is the greatest common divisor of c and g?
2
Let g(u) = -u**2 + 4*u - 5. Let l(c) = 1. Let y(i) = -g(i) - 4*l(i). Let q be y(4). What is the highest common divisor of q and 1?
1
Let b(q) = -4*q - 54. Let u be b(-14). What is the highest common factor of 18 and u?
2
Suppose -2*y + 5*l = -503, -2*y = -4*l + 74 - 582. What is the highest common divisor of 24 and y?
24
Suppose -4*r + 2*g + 69 = -5, 76 = 4*r - 4*g. Suppose 413 = -0*j + 5*j - 4*i, -4*j + 5*i = -334. Calculate the highest common divisor of r and j.
9
Let j(t) = t**3 - 13*t**2 - 9*t + 6. Let y be j(15). Let q = -200 + y. Let a = -14 - -25. What is the greatest common factor of a and q?
11
Let u be (-207)/(-46)*(-44)/(-3). What is the highest common divisor of u and 561?
33
Let w be (-27778)/(-190) - (-12)/(-10). Calculate the greatest common factor of 58 and w.
29
Let x = -85 + 73. Suppose 4*g + g = -4*f + 60, 0 = 4*g + 16. Let y = f + x. What is the greatest common factor of 40 and y?
8
Let l(m) = -m**3 - 11*m**2 - 11*m - 13. Let g be l(-10). Let p be g*1*(-14 - -11). Calculate the highest common factor of p and 1.
1
Let x be 3/(6/4)*1. Let i(d) = -17*d - 217. Let p be i(-13). Suppose p*n = x*n + 14. What is the highest common divisor of n and 7?
7
Let t(u) = 7*u - 7. Let d be t(13). Suppose -d = -7*g + 3*g. Suppose -g*b + 18*b + 33 = 0. Calculate the greatest common factor of b and 77.
11
Let k be (-3)/(-6)*2 - 1. Suppose -4*c - 3*j + 5 = 0, 4*c - 3 = -k*c - 5*j. Calculate the highest common divisor of c and 7.
1
Suppose 5*n = 1821 - 1691. What is the greatest common divisor of 598 and n?
26
Let v = 2 - 0. Suppose 4*x - 2*l = 22, -l = 4*x - 4 - 9. Suppose 5*b - 145 = -5*u, -u = -v*b + x*u + 65. What is the greatest common divisor of 5 and b?
5
Suppose 3*a + 5*a = -3*a. Suppose 2*k - 23 = z + 60, a = 3*k - 2*z - 127. What is the greatest common factor of 429 and k?
39
Let k be (-1)/(-5) - (-1284)/30. Suppose -2*o - 26 = -3*f, -k = -4*f + 3*o - 2*o. Calculate the highest common divisor of 108 and f.
12
Let v be (-2 + 2)/1 - 6. Let z = v - -17. Let q(r) = 3*r - 1. Let x be q(4). What is the greatest common factor of x and z?
11
Suppose -5*u - 3*h + 2134 = h, 8 = -2*h. Calculate the greatest common divisor of u and 43.
43
Let i be ((-11)/(-4))/((-42)/(-504)). Calculate the highest common divisor of i and 88.
11
Let h be (-4)/(-8) - (-10)/4. Suppose 12 = o + 2*u, 0*o + o + h = 3*u. What is the greatest common factor of o and 18?
6
Suppose 4*a + a - 240 = 0. Let x = -474 + 510. What is the greatest common divisor of x and a?
12
Let o(q) = -q**3 + 6*q**2 + 11*q - 4. Let p be o(7). Calculate the greatest common factor of 9 and p.
3
Let w = -2952 + 3015. Let i(f) = 1 + 3*f**3 - 7*f**2 - f**3 - f**3 + 7*f. Let v be i(6). What is the greatest common factor of v and w?
7
Let c(h) = -h**3 - 18*h**2 + 19*h + 15. Let j be c(-19). Suppose 2*p = f + 3*f + 204, -j = -3*f. What is the greatest common divisor of p and 14?
14
Let w = 111 + -61. Suppose 2*g - 112 = 6*g. Let i = g + w. What is the greatest common divisor of i and 22?
22
Suppose 0*g + 7*g = 46 + 115. Let w = -268 - -383. What is the highest common divisor of w and g?
23
Let r be (-6)/(-5) + (-1)/5. Let u(o) = -o - 3. Let t be u(5). Let g be ((-3)/(-1))/(t - -9). Calculate the greatest common divisor of g and r.
1
Let l = 640 + -168. Calculate the highest common factor of 8 and l.
8
Suppose 9*s - 39 = 8*s - 3*n, -41 = -s - 4*n. Calculate the greatest common factor of 22 and s.
11
Let x be 2 + ((-64)/(-4) - -6). What is the greatest common divisor of 132 and x?
12
Let g be (-18)/(7/(-2)*(-6)/(-14)). Calculate the greatest common divisor of 186 and g.
6
Let z(k) = 3*k - 10. Let h(r) = -r**3 - r**2 + r + 4. Let g be h(0). Let n be z(g). Suppose m = -n*m + 378. Calculate the greatest common factor of 14 and m.
14
Suppose 5*l - 4*c - 458 = -5*c, 2*l - 5*c - 167 = 0. Let v(j) = -3*j**2 + 17*j + 3. Let u be v(5). What is the highest common factor of l and u?
13
Let i be 24/(-40) + (-33)/(-5) - 15. Let c(z) = -2*z - 20 - 3*z + z. Let g be c(i). What is the greatest common divisor of 176 and g?
16
Let w = -745 + 751. Calculate the highest common factor of 22 and w.
2
Let r(f) = -f**2 + 5*f + 3. Let s be r(5). Suppose 18 = j - 0*j + 3*y, 3*y = s*j - 66. Let q be 32/24*j/2. Calculate the highest common divisor of 28 and q.
14
Suppose -s + 28 = 3*s. Let x(h) = 16*h - 2. Let w be x(s). Let l = 883 + -872. What is the greatest common divisor of w and l?
11
Let u = -8 + 13. Let n be (15/6)/(((-3)/6)/(-1)). Calculate the highest common divisor of n and u.
5
Let i be (36/(-7))/6*-14. Suppose 13*h = i*h + 7. What is the highest common divisor of h and 1?
1
Suppose -4*f - 8 = 2*g, -3*g - f + 4 = f. Suppose -367 = -5*i + 4*k + 16, 2*k + 304 = g*i. What is the highest common factor of 100 and i?
25
Let b(j) = 2*j**2 + 8*j + 12. Let f be b(-4). Let x be 417/12 - f/16. Calculate the highest common divisor of 272 and x.
34
Let p(k) = k**3 + 2*k**2 - 2*k + 1. Let r be p(1). Suppose z + r*z = 21. Suppose -z*n + 3*n = -4. Calculate the highest common divisor of n and 9.
1
Suppose 10 - 12 = -q. Let p be 12 + q*12/8. What is the highest common divisor of p and 5?
5
Suppose 5*t + 124 = 194. What is the greatest common factor of t and 2?
2
Suppose -3*a + 1 + 14 = 0. Suppose -a*u + 48 = -2*u. Let f(h) = 15*h**2 + 1. Let o be f(-1). Calculate the highest common factor of u and o.
16
Let q(m) = 4*m**2 + m. Let l be q(-1). Suppose 13 = 3*w + 2*w + l*f, 3*w = -f + 7. What is the highest common factor of 5 and w?
1
Let f be (40/120)/(1/855). What is the greatest common divisor of f and 30?
15
Suppose -17*s = -36*s + 17214. Calculate the greatest common factor of s and 12.
6
Let p be ((-5)/(15/(-408)))/((-28)/(-56)). What is the greatest common factor of p and 48?
16
Suppose -34 = -6*m + 230. What is the highest common factor of m and 1056?
44
Let y = -5 - -7. Let p(h) = 14*h + 2. Let f be p(y). Let q = f + -19. What is the greatest common factor of 44 and q?
11
Suppose -117 + 157 = 4*i. Suppose -2*u = -3*r - 4*u + 328, r = 5*u + 115. Calculate the greatest common divisor of i and r.
10
Suppose -i - i = 0. Suppose i = -0*g - 7*g + 84. Calculate the greatest common factor of 72 and g.
12
Let k be 1/(47/23 + -2). Suppose -38*p - 5520 = -62*p. Calculate the greatest common factor of p and k.
23
Suppose 0 = 4*z + p - 35, -p + 0*p = 5. What is the highest common factor of z and 515?
5
Let w be (-16)/(-4) - (-2 - 0). Suppose 0 = -5*m + 2*m + 90. Calculate the greatest common factor of w and m.
6
Let k(w) = 3*w**2 - 65*w + 133. Let c be k(20). What is the highest common divisor of c and 363?
33
Let o = 5 + -3. Suppose 3*z = o*z + 103. Suppose -z = -3*b - 22. Calculate the greatest common factor of 18 and b.
9
Suppose 10*x - 9*x = -4*b + 416, 3*b - x = 312. What is the highest common divisor of b and 494?
26
Let w = 186 + -156. Calculate the highest common divisor of 25 and w.
5
Suppose -4*u - 324 = -7*u. Let w(b) = 37*b - 506. Let i be w(14). What is the greatest common divisor of u and i?
12
Let d(t) = t**2 - 2*t - 6. Let i be d(-8). Let b = i - 41. Calculate the greatest common divisor of b and 66.
33
